pose -7*a + 7658 = -14*a. Let c = a + 650. Let l = -257 - c. List the prime factors of l.
11, 17
Suppose -3*x = -0*u + 2*u - 23, -3*x + 2*u = -7. Suppose x*k - 341 - 49 = 0. What are the prime factors of ((-2)/4 - k/(-4))*7?
7, 19
Suppose 26*g = 53*g - 235386. List the prime factors of g.
2, 3, 1453
Let g be 2/10 - 118/(-10). Let i = g - 7. Suppose 0 = 2*p - h - 56, -5*h + 46 = -i*p + 176. What are the prime factors of p?
2, 3, 5
Let k = 479 - 369. Suppose k*l + 12688 = 118*l. What are the prime factors of l?
2, 13, 61
Let z = 24940 + -16719. What are the prime factors of z?
8221
Let q = -1483 + 2109. Suppose q = -9*l - 76. Let i = 201 + l. List the prime factors of i.
3, 41
Let r = -6116 - -7267. What are the prime factors of r?
1151
Suppose -3*q - 25 = -p, -q - 2*p - 5 = -3*p. Let g be (3/(-12))/(15*19/1140). What are the prime factors of (340/q)/(g - (-1 - -2))?
17
Let k be 1*2 - (-33)/(5 + 6). Suppose 0 = -k*u + 2*j + 4338, j - 2599 = -3*u + 6*j. List the prime factors of u.
2, 7, 31
Let i be (-10)/(-4) - (-6)/(-24)*2. Suppose 4*b = i*g - 23 - 387, -202 = -g + 3*b. What are the prime factors of g?
211
Suppose -2*y - 771*h + 777*h = -18582, 4*y - 37155 = 3*h. List the prime factors of y.
2, 3, 43
Let d(c) = 21 + 7 - 8 - 2*c + 11*c. Let i be d(-3). Let r = 33 - i. List the prime factors of r.
2, 5
Suppose -6 - 4 = 2*r. Let v be (3/(-12))/(r/60). Suppose -v*u = -w - 648, u - 2*w - 191 = 30. List the prime factors of u.
5, 43
Let o be ((-9)/(-15))/((-2)/(-60 - 0)). Suppose -3*z - 6 + o = 0. Suppose 548 = -z*g + 1296. What are the prime factors of g?
11, 17
Let h(i) = -2*i**2 - 4*i + 3. Let w be h(-5). Let r be 1521/4 + w/(-36) - 2. Let c = -168 + r. List the prime factors of c.
211
Suppose -9 = -0*h + 3*h. Let s = 20507 + -20511. List the prime factors of s*1803/(-30) + h/(-5).
241
Let f(m) = m**3 + 65*m**2 + 69*m + 195. List the prime factors of f(-58).
19, 1039
Let v(q) = -q**3 + 17*q**2 - 44*q + 28. Let l be v(14). Suppose 38*f - 25905 + 6677 = l. List the prime factors of f.
2, 11, 23
Let k(i) = -11*i + 12. Let f(v) = 12*v - 13. Let b(j) = -3*f(j) - 4*k(j). Let s be b(8). Suppose 57*h = s*h + 282. List the prime factors of h.
3, 47
Let i(a) = -a**3 + 36*a**2 - 26*a - 137. Suppose -72*k = -90*k + 630. What are the prime factors of i(k)?
2, 89
Let x(l) = -l**3 - 12*l**2 + 37*l + 58. Let v be x(-12). Let q = 4 + -1. List the prime factors of q/((-392)/v - 1).
193
Let q = -850 - -870. Suppose 0 = 4*x - 4*n - 4296, 16*n + 1079 = x + q*n. What are the prime factors of x?
5, 43
Suppose 195*c + 5*j - 152985 = 192*c, -j = -3. What are the prime factors of c?
2, 5, 5099
Let z(o) = o**2 - 16*o - 9. Let v be z(17). Suppose -v*x + 378 = -x. Let i = x + -33. What are the prime factors of i?
3, 7
Suppose 3*m - 5861 = -2*t, -7*m + 10*m = -t + 5860. Suppose 11*s - 3085 = m. What are the prime factors of s?
2, 229
Let j be ((-54)/90)/(1/10). List the prime factors of (540 - 1 - (37 + -31)) + j.
17, 31
Let r be (-7482)/(-377) + (-1)/13*-2. Let b be -9*(-64)/r*(-4 - 6). Let u = -150 - b. List the prime factors of u.
2, 3, 23
Let d be (-3)/(1*(1 - 2)). Suppose d*s - 215 + 20 = 0. List the prime factors of 2 + -2 + 4 + s.
3, 23
Let x = 11796 - 2618. What are the prime factors of x?
2, 13, 353
Let i(l) = -l**2 + 22*l - 115. Let t be i(10). Suppose -2*w - 8334 = -5*h, 30*h = 25*h + t*w + 8340. What are the prime factors of h?
2, 7, 17
Let m = 4394 + -2699. List the prime factors of (m/(-20))/3*-4.
113
Let a(q) = -1369*q + 688*q + 683*q + 15. List the prime factors of a(24).
3, 7
Let z(a) = a + 39. Let n be z(-4). Let b = 37 - n. Suppose -2*p - p + 440 = -b*t, 760 = 5*p + 2*t. What are the prime factors of p?
2, 3, 5
Suppose -14*b = -13*b - 1. Let n be b - 8/12*-6. Suppose 0 = 2*s + t - 106, 0 = 5*t - 5 - n. List the prime factors of s.
2, 13
Let a be 1/(-7) + (-15)/(-7). Suppose 2 = -2*l - h, h = 5*l + a*h + 2. Suppose -4*j - 3*u + 341 = l, -j + 4*u + 109 = -0*j. List the prime factors of j.
89
What are the prime factors of 69/(-1)*(-2204)/114?
2, 23, 29
Suppose -4*r + 38 = -10. Let k be 382/6 + (-8)/r. Let n = 165 - k. List the prime factors of n.
2, 3, 17
Let o = 16979 - -4707. What are the prime factors of o?
2, 7, 1549
Let t(k) = k**3 + 48*k**2 + 45*k - 83. What are the prime factors of t(-18)?
7, 13, 97
Suppose 0 = 4*t + 20, -90 = l + 4*l + 3*t. Let f = 199 + l. Suppose 3*x - f - 26 = 0. List the prime factors of x.
2, 5, 7
Suppose -89*x = -64*x - 51175. What are the prime factors of x?
23, 89
Let v(s) = -s**2 - 8*s - 12. Let t be v(-5). Suppose -3*h - 835 = o - 2*h, -5*o - t*h - 4175 = 0. List the prime factors of o/(-15) + 1/3.
2, 7
List the prime factors of 13 - 38 - -8 - -16060.
61, 263
Let w(v) = 6*v + 151. Let j be 15/6 - 1 - (-301)/(-14). List the prime factors of w(j).
31
What are the prime factors of (8016/42)/((-29)/(-203))?
2, 167
List the prime factors of 36/(-216)*-8*(-132954)/(-8).
22159
What are the prime factors of 1607/(16 + 4550/(-286))?
11, 1607
Let m be (-1 - -15)/(4/12*6). Suppose -m*y + 4 = -3. List the prime factors of (-3 - -4)/y*101.
101
Let i = -8624 - -43816. What are the prime factors of i?
2, 53, 83
Let p = 1468 - 2559. Let f = 1742 + p. What are the prime factors of f?
3, 7, 31
Let w(z) = -523*z - 2077. What are the prime factors of w(-33)?
2, 7591
Let o(d) be the third derivative of -d**5/120 + 23*d**4/24 + 17*d**3/6 + 13*d**2. Let v(q) be the first derivative of o(q). List the prime factors of v(7).
2
Let s be ((-4)/(-6))/(22/(-561)). Let c = 13 + s. What are the prime factors of (1068/(-9))/c*3?
89
Let j be (-337)/(-3) - (8 - 364/42). Let h = j + 406. List the prime factors of h.
3, 173
Suppose -728*x - 3868800 = -793*x. List the prime factors of x.
2, 3, 5, 31
Let d = 10 - 23. Let q(v) = v + 47. Let s be q(-20). Let u = d + s. What are the prime factors of u?
2, 7
Suppose 0 = -p - c + 3, -2*p + 4*c = -3 - 33. Let h(l) = -4*l**3 - p*l - 32*l**2 + 3*l**3 + 41*l**2 - 16. List the prime factors of h(7).
2, 13
Let j be (1 + -775)/2 + -4. Let q = -232 - j. Suppose 28*c - 31*c + q = 0. List the prime factors of c.
53
Suppose 42 = -17*t + 20*t. Suppose 0 = t*k - 451 - 319. List the prime factors of k.
5, 11
Let o(n) = 20*n**3 - 43*n - 16. Let l(q) = -7*q**3 + 14*q + 5. Let v(r) = -17*l(r) - 6*o(r). What are the prime factors of v(-9)?
2, 5, 7
Let j = 42038 + -17871. List the prime factors of j.
11, 13
Let o(k) = -192*k**3 - 2*k**2 + 134*k + 492. What are the prime factors of o(-4)?
2, 43, 71
Let r = 7626 + -4271. What are the prime factors of r?
5, 11, 61
Suppose 4*a - 108404 = 3*g, -4012*g + 4016*g = 0. What are the prime factors of a?
41, 661
Suppose -22*s + 10 = -17*s. Suppose -s*n + 138 = 112. Suppose -n*t - 132 = -16*t. What are the prime factors of t?
2, 11
Let w(q) = -q**3 - 15*q**2 + 12*q - 21. Suppose 4*l - 114 = -182. What are the prime factors of w(l)?
353
Let m(b) = -3*b**3 + 49*b**2 + 8*b - 97. List the prime factors of m(14).
19, 73
Suppose -3*a + 966 = -1356. Suppose 0 = -5*o - 0*o + x + a, 628 = 4*o - 3*x. Suppose 4*q - 186 = o. List the prime factors of q.
5, 17
Let v be -1 - (3 + -4) - (5 - 1). Let g(s) = -682*s - 28. Let f be g(v). What are the prime factors of ((-2)/4)/((-5)/f)?
2, 3, 5
Let z(t) = 2*t**2 - 22*t - 5. Let m be z(12). What are the prime factors of m/2 + (-1 - 3/(-6))?
3
Let o(v) = 256*v**3 - v**2 + v + 2. Let h be o(2). Suppose -16*a = -8*a - h. What are the prime factors of a?
2
Suppose 3*g - 7513 = -u, 5*u + 28*g - 31*g = 37583. What are the prime factors of u?
2, 1879
Suppose 5*a + 8*f - 147638 = 0, 19*a - 23*a + 5*f + 118099 = 0. List the prime factors of a.
2, 3, 7, 19, 37
Let k(m) = 116 - 72 - 13*m + 18. List the prime factors of k(-19).
3, 103
Let s(p) = -p**2 - 3*p + 10. Let w be s(2). Suppose w = -3*h - 3*d + 642, 3*h - 647 = 3*d + 25. List the prime factors of h.
3, 73
Let k(g) = -12*g**3 - 73*g**2 - 718*g + 14. What are the prime factors of k(-10)?
2, 19, 313
Suppose 0 = 2*p - 6, 5*j - 523*p = -521*p + 185889. What are the prime factors of j?
3, 17
Let n(y) = -8 - 50 + 141*y - 110*y. List the prime factors of n(7).
3, 53
Suppose 4*a + 6 - 22 = 0. Suppose -q = 4*i - 21, -3 = -2*i + a*q + 3. Suppose 0 = i*p + 2*j - 310, 3*p - 186 = -0*j + 3*j. List the prime factors of p.
2, 31
Let x(t